t common divisor of 406 and 754?
58
What is the greatest common factor of 22266 and 18?
18
What is the highest common divisor of 598 and 322?
46
What is the highest common divisor of 15288 and 52?
52
What is the highest common factor of 7 and 2737?
7
What is the highest common factor of 1144 and 247?
13
What is the highest common factor of 6725 and 538?
269
Calculate the greatest common factor of 200 and 25.
25
Calculate the greatest common factor of 186 and 62.
62
Calculate the highest common divisor of 3320 and 200.
40
What is the highest common factor of 226 and 2260?
226
What is the greatest common divisor of 16245 and 45?
45
Calculate the greatest common factor of 475 and 76.
19
What is the highest common factor of 2640 and 960?
240
Calculate the greatest common divisor of 338 and 39.
13
Calculate the highest common divisor of 792 and 272.
8
What is the highest common factor of 23 and 2507?
23
What is the highest common divisor of 4 and 152?
4
What is the highest common divisor of 5 and 80?
5
What is the highest common factor of 134 and 2?
2
Calculate the greatest common factor of 3372 and 12.
12
Calculate the greatest common factor of 6 and 10.
2
Calculate the greatest common factor of 132 and 12.
12
Calculate the greatest common factor of 459 and 136.
17
What is the greatest common divisor of 296 and 24?
8
What is the highest common divisor of 992 and 68?
4
What is the highest common divisor of 103 and 1133?
103
What is the greatest common divisor of 15 and 24?
3
Calculate the greatest common divisor of 36 and 2142.
18
Calculate the highest common factor of 200 and 100.
100
What is the highest common factor of 315 and 63?
63
What is the greatest common factor of 1849 and 215?
43
Calculate the highest common divisor of 742 and 49.
7
What is the highest common factor of 40 and 7240?
40
What is the highest common factor of 6813 and 81?
9
What is the greatest common factor of 64 and 92?
4
What is the greatest common divisor of 1953 and 63?
63
What is the greatest common factor of 216 and 54?
54
Calculate the highest common factor of 824 and 16.
8
Calculate the highest common divisor of 2 and 1181.
1
What is the highest common divisor of 1640 and 160?
40
What is the highest common divisor of 2088 and 90?
18
Calculate the greatest common factor of 24 and 33.
3
What is the highest common factor of 759 and 2001?
69
Calculate the greatest common factor of 522 and 2378.
58
Calculate the greatest common factor of 22 and 11363.
11
What is the greatest common factor of 999 and 481?
37
Calculate the greatest common factor of 39 and 492.
3
What is the highest common factor of 2485 and 245?
35
What is the highest common divisor of 53 and 424?
53
Calculate the greatest common divisor of 1785 and 45.
15
Calculate the greatest common factor of 93 and 33573.
93
What is the highest common factor of 1355 and 2981?
271
What is the greatest common factor of 8 and 8?
8
What is the greatest common factor of 117 and 13?
13
What is the highest common factor of 77 and 7777?
77
Calculate the greatest common divisor of 120 and 39660.
60
Calculate the greatest common factor of 2 and 778.
2
What is the highest common factor of 102 and 14943?
51
Calculate the greatest common factor of 147 and 833.
49
What is the highest common factor of 620 and 31?
31
What is the highest common factor of 38 and 1159?
19
What is the highest common divisor of 10 and 1250?
10
Calculate the highest common divisor of 78 and 416.
26
Calculate the greatest common factor of 33 and 45111.
33
Calculate the highest common factor of 82 and 2.
2
What is the greatest common divisor of 5970 and 330?
30
Calculate the greatest common divisor of 60 and 36.
12
What is the greatest common divisor of 5 and 75?
5
What is the greatest common divisor of 90 and 420?
30
What is the highest common factor of 988 and 741?
247
What is the highest common factor of 475 and 76?
19
Calculate the highest common factor of 368 and 276.
92
What is the greatest common divisor of 1350 and 108?
54
Calculate the highest common divisor of 235 and 141.
47
Calculate the greatest common factor of 573 and 3629.
191
Calculate the highest common divisor of 148 and 185.
37
Calculate the greatest common factor of 155 and 2821.
31
Calculate the greatest common factor of 62 and 434.
62
Calculate the highest common factor of 5022 and 62.
62
Calculate the highest common divisor of 182 and 98.
14
What is the highest common divisor of 252 and 5229?
63
What is the highest common divisor of 144 and 162?
18
What is the highest common factor of 3 and 15?
3
What is the highest common divisor of 357 and 21?
21
What is the greatest common divisor of 1092 and 48?
12
Calculate the greatest common factor of 876 and 12.
12
What is the greatest common factor of 678 and 7684?
226
What is the greatest common divisor of 8 and 172?
4
Calculate the highest common divisor of 19 and 931.
19
Calculate the greatest common factor of 13 and 9464.
13
Calculate the highest common factor of 57 and 114.
57
Calculate the greatest common divisor of 1113 and 525.
21
What is the greatest common divisor of 6 and 15?
3
What is the highest common divisor of 25904 and 32?
16
What is the highest common factor of 60 and 20?
20
What is the greatest common divisor of 237 and 2449?
79
What is the highest common divisor of 750 and 45?
15
What is the highest common divisor of 4859 and 1243?
113
What is the greatest common factor of 12800 and 80?
80
What is the greatest common factor of 76 and 627?
19
What is the highest common divisor of 60 and 240?
60
What is the greatest common factor of 148 and 666?
74
What is the highest common divisor of 848 and 16?
16
Calculate the greatest common factor of 81 and 891.
81
Calculate the greatest common divisor of 93 and 7409.
31
What is the greatest common factor of 1127 and 23?
23
Calculate the highest common factor of 8 and 1.
1
What is the greatest common factor of 140 and 1085?
35
Calculate the highest common divisor of 19 and 209.
19
Calculate the greatest common divisor of 20 and 186.
2
Calculate the highest common factor of 99 and 279.
9
Calculate the highest common factor of 352 and 990.
22
Calculate the highest common factor of 1 and 415.
1
What is the greatest common divisor of 725 and 116?
29
What is the greatest common factor of 84 and 120?
12
What is the highest common divisor of 540 and 432?
108
What is the greatest common divisor of 9 and 243?
9
What is the highest common divisor of 32 and 2312?
8
What is the highest common divisor of 320 and 20?
20
What is the highest common factor of 4 and 88?
4
Calculate the greatest common factor of 935 and 85.
85
What is the highest common factor of 960 and 60?
60
What is the greatest common factor of 19760 and 13?
13
What is the highest common divisor of 5493 and 3?
3
What is the highest common factor of 46 and 851?
23
What is the highest common divisor of 304 and 2336?
16
What is the greatest common divisor of 312 and 48?
24
What is the greatest common divisor of 9 and 48?
3
Calculate the greatest common factor of 360 and 80.
40
What is the highest common divisor of 265 and 53?
53
What is the highest common divisor of 7 and 455?
7
What is the greatest common divisor of 688 and 32?
16
What is the greatest common factor of 429 and 33?
33
What is the highest common divisor of 16406 and 26?
26
What is the greatest common factor of 630 and 7?
7
Calculate the highest common divisor of 12 and 303.
3
What is the highest common divisor of 310 and 62?
62
Calculate the highest common factor of 10 and 2230.
10
What is the greatest common divisor of 90 and 2385?
45
What is the greatest common factor of 1 and 373?
1
Calculate the greatest common factor of 90 and 480.
30
Calculate the greatest common factor of 200 and 200.
200
Calculate the highest common factor of 147 and 147.
147
Calculate the greatest common divisor of 155 and 31.
31
Calculate the highest common divisor of 33 and 18.
3
What is the greatest common factor of 22 and 28556?
22
What is the greatest common factor of 559 and 473?
43
Calculate the greatest common divisor of 64 and 320.
64
What is the highest common divisor of 120 and 24810?
30
What is the highest common factor of 365 and 2263?
73
Calculate the highest common factor of 538